uppose 0 = 6*i - 10*i + b. Suppose i*h - 7*h + 252 = 0. What is the greatest common divisor of 9 and h?
9
Let n be (-3 - 110/(-20))*6. What is the highest common divisor of 555 and n?
15
Let r = 921 + -885. What is the greatest common factor of r and 126?
18
Suppose x + 2*x = 2*p - 4, 4*x = -16. Let a be (15/6 + p)*-14. Calculate the highest common divisor of 168 and a.
21
Let j(n) be the first derivative of -5*n**2 - 9 - 1/4*n**4 - 3*n**3 + 9*n. Let r be j(-8). Calculate the highest common factor of r and 25.
25
Suppose 6*d - 9851 = 2245. What is the highest common factor of d and 16?
16
Let l(c) = -2*c + 16. Let x be l(12). Let w be (-66)/x*220/11. Let r = -2 - -17. Calculate the highest common factor of w and r.
15
Let y(n) = -2*n**3 - 34*n**2 - 40*n - 104. Let v be y(-16). Calculate the greatest common divisor of 384 and v.
24
Let r(c) = -209*c - 14. Let y be r(1). Let h be 8/44 + 6/(-22)*y. Calculate the greatest common factor of 305 and h.
61
Suppose -5*h = 5*h - 8300. Suppose -2*t - 186 + h = 0. Calculate the highest common factor of t and 46.
46
Let n = -51 - -82. Let d be 1 + n + (-6 - -3) + 1. Calculate the greatest common divisor of d and 10.
10
Let m(w) = -w**3 - 12*w**2 - 11*w + 5. Let l be m(-11). Suppose 0 = -2*k - 2*k - 4*h + 32, 4*k + l*h = 28. Calculate the highest common factor of k and 96.
12
Let f be 15*(-75)/(-45) - 1*-1. What is the greatest common factor of f and 221?
13
Suppose -37*o + 36*o + 25 = 0. Suppose 15 = -3*c + 6*c. Calculate the highest common factor of c and o.
5
Suppose -77 - 37 = -19*j. Calculate the greatest common divisor of 258 and j.
6
Let m be (-2)/22*-1036 - 20/110. Calculate the highest common divisor of m and 329.
47
Suppose 5*i = 335 - 95. What is the highest common factor of 16 and i?
16
Suppose 4*m - z - 47 = 0, -3 = -5*z + 2. What is the greatest common divisor of 28 and m?
4
Suppose 0 = -4*s + 3*w + 220, -2*s + 5*w - 32 = -3*s. Suppose -s + 20 = -2*c. Suppose -3*z + c = z. Calculate the highest common factor of z and 28.
4
Let d = 1001 + -957. What is the highest common divisor of 561 and d?
11
Let p(c) = 166*c + 854. Let b be p(-5). What is the highest common factor of 320 and b?
8
Let v(i) = -i**3 + 17*i**2 - 11*i + 8. Let t be v(16). Calculate the greatest common divisor of t and 8.
8
Suppose -71*g - 406 = -85*g. Calculate the highest common divisor of g and 203.
29
Let l be ((-1)/(-2))/((-4)/(-32)). Suppose -3*s - 3*p + 24 = 0, 5*p - 10 = -s - 2. Let j = 14 - s. Calculate the highest common divisor of j and l.
2
Let p(u) = u**3 - 7*u**2 - 6*u - 9. Let k be p(8). Let q(n) = 0*n + k + n - 2. Let g be q(10). What is the greatest common divisor of g and 135?
15
Let p(f) = 5*f**2 - 14*f + 16. Let c be p(4). What is the greatest common divisor of c and 30?
10
Let r = -14 + 24. Let u be 5 + (-5)/r*2. What is the greatest common divisor of u and 16?
4
Suppose h = -4*h - 530. Let u = h + 132. What is the highest common factor of u and 143?
13
Let v(t) = -2*t. Let u be v(1). Suppose -5*k = 18 - 3. Let i be 1 - -22*k/u. Calculate the greatest common divisor of 306 and i.
34
Suppose 5*t - 25 = 0, -f + 3*t = -182 - 48. What is the highest common divisor of 35 and f?
35
Let z be ((-15)/4)/((-58)/232). Calculate the greatest common factor of z and 3000.
15
Let n = 29 - 17. Let z = 444 - 238. Suppose 0 = 2*k - 5*t - z, 2*t + 2*t = -2*k + 224. What is the greatest common factor of n and k?
12
Let t = -13 - -67. Let l(v) = 13*v - 10. Let c be l(5). Let j = 82 - c. What is the greatest common divisor of j and t?
27
Suppose 11*r - 7*r - 28 = -v, -3*v + 73 = r. What is the greatest common factor of 56 and v?
8
Suppose o = 3, -3*z + o - 3*o = -9. Calculate the greatest common factor of 16 and z.
1
Let k be -8*(-14)/392 - 12582/(-14). What is the greatest common divisor of k and 31?
31
Let q be -424*(297/(-252) - (-9)/21). Calculate the highest common factor of q and 6.
6
Let u(s) = 179*s - 8. Let q be u(16). Suppose 4*z + q = 18*z. Calculate the highest common divisor of 17 and z.
17
Let j be (-4 - 2)/(-3 + 1). Let t(b) = -12*b + 4. Let u be t(j). Let i be u/3*-3 + 0. What is the greatest common factor of 8 and i?
8
Let x(i) = -i + 13. Let n be x(7). Let v be -65 + 58 - (-14 - -1). Calculate the highest common divisor of n and v.
6
Let n(i) = 4*i + 84 - 93 - i. Let j be n(7). Calculate the greatest common factor of 120 and j.
12
Let t be 0 - (-4 - -3 - 52). Suppose 157 = 2*c + t. What is the greatest common factor of 130 and c?
26
Let g be 11 - (-11)/((-33)/(-129)). What is the highest common factor of g and 72?
18
Suppose 14*w = 15*w + 83. Let a = -43 - w. Calculate the highest common factor of 5 and a.
5
Suppose -444 = -5*u + t, 4*t = -3*u + 69 + 179. Calculate the highest common factor of 440 and u.
88
Let z = -39 - -90. Suppose 307 = 8*u + z. Let l(q) = q**3 + 4*q**2 - q. Let f be l(-4). What is the greatest common factor of f and u?
4
Let c(f) = f**2 + 2*f - 1. Let w be c(1). Let r(j) be the first derivative of j**4 - j**2 - j - 7. Let h be r(w). What is the greatest common factor of 9 and h?
9
Let i be -1 + -8 - (-18 + -94). What is the greatest common factor of 1 and i?
1
Let a = 481 - 111. Calculate the greatest common divisor of a and 30.
10
Let t = -391 + 451. What is the greatest common factor of 30 and t?
30
Let l(s) = -301*s - 1. Let z be l(-1). Suppose 4*j = 5*v - 199, 0*v - z = 5*j + 4*v. Let p = -34 - j. Calculate the highest common factor of p and 2.
2
Suppose r = 5*i - 5, 3*r - 4*i = -1 - 3. Suppose r = 3*m - 6*m + 54. Suppose m*y - 19*y + 77 = 0. What is the greatest common divisor of y and 11?
11
Suppose -3*u = u. Let g be (u - (-2 - 0)) + 0. Let p be (7/g)/(1/2). What is the highest common divisor of p and 7?
7
Suppose a = 6*a - 15. Suppose -2*l + q - 9 = a, -3*l = -3*q + 24. Let v be 9 - l/(-12)*6. What is the highest common divisor of v and 7?
7
Let g(h) = 28*h**2 + 25*h - 24. Let s be g(1). Calculate the highest common factor of s and 9.
1
Let l = 0 + 13. Suppose -3*t = -20 - l. Let n(g) = -2*g**2 - 38*g - 19. Let d be n(-16). What is the highest common factor of t and d?
11
Suppose -20 = 5*m, -4*n + 877 = -m + 21. Let s = n - 131. Let x = 253 - s. Calculate the greatest common factor of x and 19.
19
Suppose -3*o + 100 = -8*o. Let m be (-8)/o + ((-532)/(-20) - 1). Calculate the highest common divisor of 182 and m.
26
Suppose 37*h + 1 = 32*h - 3*j, -4*h - 3*j - 2 = 0. Calculate the highest common factor of h and 5.
1
Suppose -2*z - a + 196 = 72, 2*z - 3*a - 132 = 0. Calculate the highest common divisor of z and 168.
21
Suppose 8*m - 31 - 9 = 0. Let z be m*2*(-77)/(-2). Calculate the highest common divisor of 35 and z.
35
Let j = 188 + -82. Let b = j + -171. Let s = 98 + b. Calculate the highest common divisor of s and 22.
11
Let k be -1*(-1 + 31)/(-3)*6. Let o be ((-5)/1)/((-50)/k). Calculate the greatest common factor of 48 and o.
6
Let y be -6 + 8 + 5 - -487. Calculate the greatest common divisor of 38 and y.
38
Let q(v) = 251*v + 1204. Let m be q(-4). Let x be (-3 + 1)*(-4 + 0). Calculate the greatest common factor of x and m.
8
Suppose 7*k - 2696 = 4696. Calculate the greatest common factor of 96 and k.
96
Let h = 1974 + -1969. Calculate the greatest common factor of h and 625.
5
Let v be 4/(-6) - 152/(-3). Let z be 8 + 11/(44/48). Calculate the highest common divisor of v and z.
10
Suppose x = -3*r + 1222, 3*x = -5*r + x + 2036. Calculate the highest common factor of r and 51.
51
Suppose -115 - 815 = -4*q + 2*z, 2*q - 462 = 2*z. Calculate the highest common factor of 390 and q.
78
Let x(q) = 7*q**2 + 6*q - 9. Let s = -29 - -32. Let v be x(s). Calculate the greatest common factor of v and 8.
8
Let i be (-2308)/(-18) - 40/180. What is the greatest common divisor of i and 32?
32
Let q(m) = 4*m**3 + 57*m**2 - 26. Let c be q(-14). Calculate the greatest common factor of 15 and c.
5
Suppose -59*i + 13542 = -28. Calculate the greatest common factor of 25 and i.
5
Suppose 0 = 2*i - d - 22, d = -2*i + 3*d + 20. Let h be 0/i - (-28)/2. What is the highest common divisor of 14 and h?
14
Let j(y) = -y**3 - 2*y - 1. Let r be j(-3). Let z be (28/(-8))/(2/(-128)). Suppose 8*c - z = c. Calculate the greatest common factor of r and c.
32
Let h = -6 - -11. Let q(z) = z**3 - 6*z**2 + 7*z - 10. Let